{"id":8815,"date":"2017-03-10T10:07:09","date_gmt":"2017-03-10T08:07:09","guid":{"rendered":"http:\/\/www.baglyasalja.hu\/baglyas\/?page_id=8815"},"modified":"2017-03-10T10:09:08","modified_gmt":"2017-03-10T08:09:08","slug":"dal-salgotarjanrol","status":"publish","type":"page","link":"http:\/\/www.baglyasalja.hu\/baglyas\/?page_id=8815","title":{"rendered":"Dal Salg\u00f3tarj\u00e1nr\u00f3l"},"content":{"rendered":"<p><a href=\"https:\/\/drive.google.com\/file\/d\/0BwY8b2ct2m2oYkdqOC1OYWxjRTZvWFNEOTNidVk3eDRqODBR\/view?usp=sharing\" rel=\"attachment wp-att-8816\"><img loading=\"lazy\" decoding=\"async\" class=\"aligncenter size-full wp-image-8816\" src=\"http:\/\/www.baglyasalja.hu\/baglyas\/wp-content\/feltolt\/2017\/03\/felhivaskicsi.jpg\" alt=\"\" width=\"600\" height=\"596\" srcset=\"http:\/\/www.baglyasalja.hu\/baglyas\/wp-content\/feltolt\/2017\/03\/felhivaskicsi.jpg 600w, http:\/\/www.baglyasalja.hu\/baglyas\/wp-content\/feltolt\/2017\/03\/felhivaskicsi-150x150.jpg 150w, http:\/\/www.baglyasalja.hu\/baglyas\/wp-content\/feltolt\/2017\/03\/felhivaskicsi-300x298.jpg 300w, http:\/\/www.baglyasalja.hu\/baglyas\/wp-content\/feltolt\/2017\/03\/felhivaskicsi-160x160.jpg 160w\" sizes=\"auto, (max-width: 600px) 100vw, 600px\" \/><\/a><\/p>\n<p style=\"text-align: center;\"><strong>Tov\u00e1bbi inform\u00e1ci\u00f3k a k\u00e9pre kattintva!<\/strong><\/p>\n<p>&nbsp;<\/p>\n","protected":false},"excerpt":{"rendered":"<p>Tov\u00e1bbi inform\u00e1ci\u00f3k a k\u00e9pre kattintva! &nbsp;<\/p>\n","protected":false},"author":1,"featured_media":8816,"parent":0,"menu_order":0,"comment_status":"closed","ping_status":"closed","template":"","meta":{"footnotes":""},"class_list":["post-8815","page","type-page","status-publish","has-post-thumbnail","hentry"],"_links":{"self":[{"href":"http:\/\/www.baglyasalja.hu\/baglyas\/index.php?rest_route=\/wp\/v2\/pages\/8815","targetHints":{"allow":["GET"]}}],"collection":[{"href":"http:\/\/www.baglyasalja.hu\/baglyas\/index.php?rest_route=\/wp\/v2\/pages"}],"about":[{"href":"http:\/\/www.baglyasalja.hu\/baglyas\/index.php?rest_route=\/wp\/v2\/types\/page"}],"author":[{"embeddable":true,"href":"http:\/\/www.baglyasalja.hu\/baglyas\/index.php?rest_route=\/wp\/v2\/users\/1"}],"replies":[{"embeddable":true,"href":"http:\/\/www.baglyasalja.hu\/baglyas\/index.php?rest_route=%2Fwp%2Fv2%2Fcomments&post=8815"}],"version-history":[{"count":0,"href":"http:\/\/www.baglyasalja.hu\/baglyas\/index.php?rest_route=\/wp\/v2\/pages\/8815\/revisions"}],"wp:featuredmedia":[{"embeddable":true,"href":"http:\/\/www.baglyasalja.hu\/baglyas\/index.php?rest_route=\/wp\/v2\/media\/8816"}],"wp:attachment":[{"href":"http:\/\/www.baglyasalja.hu\/baglyas\/index.php?rest_route=%2Fwp%2Fv2%2Fmedia&parent=8815"}],"curies":[{"name":"wp","href":"https:\/\/api.w.org\/{rel}","templated":true}]}}