{"id":61,"date":"2008-04-25T12:14:41","date_gmt":"2008-04-25T10:14:41","guid":{"rendered":"http:\/\/baglyasalja.hu\/baglyas\/?page_id=70"},"modified":"2008-08-29T16:50:53","modified_gmt":"2008-08-29T14:50:53","slug":"eletrajzi-kornologia","status":"publish","type":"page","link":"http:\/\/www.baglyasalja.hu\/baglyas\/?page_id=61","title":{"rendered":"\u00c9letrajzi kornol\u00f3gia"},"content":{"rendered":"<p class=\"MsoNormal\" style=\"text-indent: -106.2pt; margin-left: 106.2pt; text-align: left;\"><strong><span style=\"font-size: xx-large; font-family: Edwardian Script ITC;\">\u00c9letrajzi  \t\t\t\t\tkronol\u00f3gia<\/span><\/strong><\/p>\n<p class=\"MsoNormal\" style=\"text-indent: -106.2pt; margin-left: 106.2pt;\" align=\"center\"><span style=\"font-size: 14pt;\"> <\/span><\/p>\n<table id=\"table1\" class=\"MsoTableGrid\" style=\"border-width: 0pt; border-collapse: collapse; margin-left: -1.7pt; text-align: left; height: 2764px;\" border=\"0\" cellpadding=\"0\" width=\"539\">\n<tbody>\n<tr>\n<td style=\"padding: 0cm 5.4pt; width: 120.5pt;\" width=\"161\" valign=\"top\">\n<p class=\"MsoNormal\" style=\"text-align: center; margin-left: 15px;\"><span style=\"font-size: 14pt;\">1897. okt\u00f3ber 15. <\/span><\/p>\n<\/td>\n<td style=\"padding: 0cm 5.4pt; width: 465px;\" valign=\"top\">\n<p class=\"MsoNormal\" style=\"text-align: left;\"><span style=\"font-size: 14pt;\">Salg\u00f3tarj\u00e1nban  \t\t\t\t\t\t\tsz\u00fcletett, a csal\u00e1d legkisebb gyermekek\u00e9nt. Apja  \t\t\t\t\t\t\tKov\u00e1cs K\u00e1roly ac\u00e9lgy\u00e1ri \u00e1cs, anyja Kovacsik Borb\u00e1la.  \t\t\t\t\t\t\tItt v\u00e9gzi az elemi \u00e9s a polg\u00e1ri iskol\u00e1t.<\/span><\/p>\n<\/td>\n<\/tr>\n<tr>\n<td style=\"padding: 0cm 5.4pt; width: 120.5pt;\" width=\"161\" valign=\"top\">\n<p class=\"MsoNormal\" style=\"text-align: justify; margin-left: 15px;\"><span style=\"font-size: 14pt;\"> <\/span><\/p>\n<\/td>\n<td style=\"padding: 0cm 5.4pt; width: 465px;\" valign=\"top\">\n<p class=\"MsoNormal\" style=\"text-align: justify;\"><span style=\"font-size: 14pt;\"> <\/span><\/p>\n<\/td>\n<\/tr>\n<tr>\n<td style=\"padding: 0cm 5.4pt; width: 120.5pt;\" width=\"161\" valign=\"top\">\n<p class=\"MsoNormal\" style=\"text-align: center; margin-left: 15px;\"><span style=\"font-size: 14pt;\">1915 <\/span><\/p>\n<\/td>\n<td style=\"padding: 0cm 5.4pt; width: 465px;\" valign=\"top\">\n<p class=\"MsoNormal\" style=\"text-align: left;\"><span style=\"font-size: 14pt;\">Ny\u00edregyh\u00e1z\u00e1n t\u00f6lt\u00f6tt  \t\t\t\t\t\t\tipari tanonci \u00e9vei ut\u00e1n felk\u00f6lt\u00f6z\u00f6tt Budapestre,  \t\t\t\t\t\t\tahol munka mellett rajzolni tanult.<\/span><\/p>\n<\/td>\n<\/tr>\n<tr>\n<td style=\"padding: 0cm 5.4pt; width: 120.5pt;\" width=\"161\" valign=\"top\">\n<p class=\"MsoNormal\" style=\"text-align: justify; margin-left: 15px;\"><span style=\"font-size: 14pt;\"> <\/span><\/p>\n<\/td>\n<td style=\"padding: 0cm 5.4pt; width: 465px;\" valign=\"top\">\n<p class=\"MsoNormal\" style=\"text-align: justify;\"><span style=\"font-size: 14pt;\"> <\/span><\/p>\n<\/td>\n<\/tr>\n<tr>\n<td style=\"padding: 0cm 5.4pt; width: 120.5pt;\" width=\"161\" valign=\"top\">\n<p class=\"MsoNormal\" style=\"text-align: center; margin-left: 15px;\"><span style=\"font-size: 14pt;\">1918. m\u00e1rcius<\/span><\/p>\n<\/td>\n<td style=\"padding: 0cm 5.4pt; width: 465px;\" valign=\"top\">\n<p class=\"MsoNormal\" style=\"text-align: left;\"><span style=\"font-size: 14pt;\">Besorozz\u00e1k, majd az  \t\t\t\t\t\t\tolasz fronton szolg\u00e1lt az I. vil\u00e1gh\u00e1bor\u00fa idej\u00e9n a  \t\t\t\t\t\t\tMagyar 25-\u00f6s gyalogezred t\u00f6rt\u00e9nelmi z\u00e1szl\u00f3alj\u00e1n\u00e1l,  \t\t\t\t\t\t\tmint fest\u0151. <\/span><\/p>\n<\/td>\n<\/tr>\n<tr>\n<td style=\"padding: 0cm 5.4pt; width: 120.5pt;\" width=\"161\" valign=\"top\">\n<p class=\"MsoNormal\" style=\"text-align: justify; margin-left: 15px;\"><span style=\"font-size: 14pt;\"> <\/span><\/p>\n<\/td>\n<td style=\"padding: 0cm 5.4pt; width: 465px;\" valign=\"top\">\n<p class=\"MsoNormal\" style=\"text-align: justify;\"><span style=\"font-size: 14pt;\"> <\/span><\/p>\n<\/td>\n<\/tr>\n<tr>\n<td style=\"padding: 0cm 5.4pt; width: 120.5pt;\" width=\"161\" valign=\"top\">\n<p class=\"MsoNormal\" style=\"text-align: center; margin-left: 15px;\"><span style=\"font-size: 14pt;\">1920.<br \/>\njanu\u00e1r<\/span><\/td>\n<td style=\"padding: 0cm 5.4pt; width: 465px;\" valign=\"top\">\n<p class=\"MsoNormal\" style=\"text-align: left;\"><span style=\"font-size: 14pt;\">Az 1919-es  \t\t\t\t\t\t\tforradalmi esem\u00e9nyeket \u00e1t\u00e9lve rendk\u00edv\u00fcli  \t\t\t\t\t\t\tn\u00f6vend\u00e9kk\u00e9nt felv\u00e9telt nyert az Orsz\u00e1gos Magyar  \t\t\t\t\t\t\tKir\u00e1lyi K\u00e9pz\u0151m\u0171v\u00e9szeti F\u0151iskol\u00e1ra. R\u00e9ti Istv\u00e1n  \t\t\t\t\t\t\toszt\u00e1ly\u00e1ba ker\u00fclt mint fest\u0151-n\u00f6vend\u00e9k, szobr\u00e1szatot  \t\t\t\t\t\t\tpedig Kisfaludy Strobl Zsigmondt\u00f3l tanult.<\/span><\/p>\n<\/td>\n<\/tr>\n<tr>\n<td style=\"padding: 0cm 5.4pt; width: 120.5pt;\" width=\"161\" valign=\"top\">\n<p class=\"MsoNormal\" style=\"text-align: justify; margin-left: 15px;\"><span style=\"font-size: 14pt;\"> <\/span><\/p>\n<\/td>\n<td style=\"padding: 0cm 5.4pt; width: 465px;\" valign=\"top\">\n<p class=\"MsoNormal\" style=\"text-align: justify;\"><span style=\"font-size: 14pt;\"> <\/span><\/p>\n<\/td>\n<\/tr>\n<tr>\n<td style=\"padding: 0cm 5.4pt; width: 120.5pt;\" width=\"161\" valign=\"top\">\n<p class=\"MsoNormal\" style=\"text-align: center; margin-left: 15px;\"><span style=\"font-size: 14pt;\">1923.<br \/>\njanu\u00e1r<\/span><\/td>\n<td style=\"padding: 0cm 5.4pt; width: 465px;\" valign=\"top\">\n<p class=\"MsoNormal\" style=\"text-align: left;\"><span style=\"font-size: 14pt;\">A K\u00e9pz\u0151m\u0171v\u00e9szeti  \t\t\t\t\t\t\tF\u0151iskola rektor\u00e1nak, Lyka K\u00e1rolynak aj\u00e1nl\u00e1s\u00e1val  \t\t\t\t\t\t\tFranciaorsz\u00e1gba ment, ahol a Julian Akad\u00e9mi\u00e1n  \t\t\t\t\t\t\t\u00f6szt\u00f6nd\u00edjask\u00e9nt tanult. Mesterei Antoine Bouchard \u00e9s  \t\t\t\t\t\t\tPaul Landowsky, a kor jeles eml\u00e9km\u0171szobr\u00e1szai  \t\t\t\t\t\t\tvoltak. Hat\u00e1ssal volt m\u0171v\u00e9szet\u00e9re Antoine Bourdelle  \t\t\t\t\t\t\tszobr\u00e1szata is. Ez volt az az id\u0151szak, amikor a  \t\t\t\t\t\t\tforrong\u00f3 eur\u00f3pai m\u0171v\u00e9szeti \u00e9lethez, a legmodernebb  \t\t\t\t\t\t\tfelfog\u00e1sokhoz a legk\u00f6zelebb ker\u00fclt, amikor  \t\t\t\t\t\t\tszeml\u00e9lete a legfrissebb volt.<\/span><\/p>\n<\/td>\n<\/tr>\n<tr>\n<td style=\"padding: 0cm 5.4pt; width: 120.5pt;\" width=\"161\" valign=\"top\">\n<p class=\"MsoNormal\" style=\"text-align: justify; margin-left: 15px;\"><span style=\"font-size: 14pt;\"> <\/span><\/p>\n<\/td>\n<td style=\"padding: 0cm 5.4pt; width: 465px;\" valign=\"top\">\n<p class=\"MsoNormal\" style=\"text-align: justify;\"><span style=\"font-size: 14pt;\"> <\/span><\/p>\n<\/td>\n<\/tr>\n<tr>\n<td style=\"padding: 0cm 5.4pt; width: 120.5pt;\" width=\"161\" valign=\"top\">\n<p class=\"MsoNormal\" style=\"text-align: center; margin-left: 15px;\"><span style=\"font-size: 14pt;\">1926<\/span><\/p>\n<\/td>\n<td style=\"padding: 0cm 5.4pt; width: 465px;\" valign=\"top\">\n<p class=\"MsoNormal\" style=\"text-align: left;\"><span style=\"font-size: 14pt;\">Megb\u00edz\u00e1st kapott  \t\t\t\t\t\t\tsz\u00fcl\u0151v\u00e1ros\u00e1t\u00f3l a R\u00f3mai katolikus templom Szent  \t\t\t\t\t\t\tJ\u00f3zsef olt\u00e1r\u00e1nak elk\u00e9sz\u00edt\u00e9s\u00e9re. A munk\u00e1latok  \t\t\t\t\t\t\telh\u00faz\u00f3dta, de a munka elv\u00e9gz\u00e9se ut\u00e1n ism\u00e9t vissza  \t\t\t\t\t\t\tt\u00e9rt P\u00e1rizsba.<\/span><\/p>\n<\/td>\n<\/tr>\n<tr>\n<td style=\"padding: 0cm 5.4pt; width: 120.5pt;\" width=\"161\" valign=\"top\">\n<p class=\"MsoNormal\" style=\"text-align: justify; margin-left: 15px;\"><span style=\"font-size: 14pt;\"> <\/span><\/p>\n<\/td>\n<td style=\"padding: 0cm 5.4pt; width: 465px;\" valign=\"top\">\n<p class=\"MsoNormal\" style=\"text-align: justify;\"><span style=\"font-size: 14pt;\"> <\/span><\/p>\n<\/td>\n<\/tr>\n<tr>\n<td style=\"padding: 0cm 5.4pt; width: 120.5pt;\" width=\"161\" valign=\"top\">\n<p class=\"MsoNormal\" style=\"text-align: center; margin-left: 15px;\"><span style=\"font-size: 14pt;\">1929<\/span><\/p>\n<\/td>\n<td style=\"padding: 0cm 5.4pt; width: 465px;\" valign=\"top\">\n<p class=\"MsoNormal\" style=\"text-align: left;\"><span style=\"font-size: 14pt;\">\u00dajabb megb\u00edz\u00e1st  \t\t\t\t\t\t\tkapott Salg\u00f3tarj\u00e1nt\u00f3l, a K\u00e1lv\u00e1ria tervez\u00e9s\u00e9re \u00e9s  \t\t\t\t\t\t\tkivitelez\u00e9s\u00e9re. Ekkor v\u00e9gleg hazatelep\u00fcl P\u00e1rizsb\u00f3l.<\/span><\/p>\n<\/td>\n<\/tr>\n<tr>\n<td style=\"padding: 0cm 5.4pt; width: 120.5pt;\" width=\"161\" valign=\"top\">\n<p class=\"MsoNormal\" style=\"text-align: justify; margin-left: 15px;\"><span style=\"font-size: 14pt;\"> <\/span><\/p>\n<\/td>\n<td style=\"padding: 0cm 5.4pt; width: 465px;\" valign=\"top\">\n<p class=\"MsoNormal\" style=\"text-align: justify;\"><span style=\"font-size: 14pt;\"> <\/span><\/p>\n<\/td>\n<\/tr>\n<tr>\n<td style=\"padding: 0cm 5.4pt; width: 120.5pt;\" width=\"161\" valign=\"top\">\n<p class=\"MsoNormal\" style=\"text-align: center; margin-left: 15px;\"><span style=\"font-size: 14pt;\">1929-30<\/span><\/p>\n<\/td>\n<td style=\"padding: 0cm 5.4pt; width: 465px;\" valign=\"top\">\n<p class=\"MsoNormal\" style=\"text-align: left;\"><span style=\"font-size: 14pt;\">Befejezte  \t\t\t\t\t\t\ttanulm\u00e1nyait a K\u00e9pz\u0151m\u0171v\u00e9szeti F\u0151iskol\u00e1n. V\u00e9gzett  \t\t\t\t\t\t\tm\u0171v\u00e9szk\u00e9nt Salg\u00f3tarj\u00e1nban telepedett le, \u00e9s  \t\t\t\t\t\t\tfeles\u00e9g\u00fcl vette M\u00e1nczos Ir\u00e9nt. K\u00e9t gyermek\u00fck  \t\t\t\t\t\t\tsz\u00fcletett.<\/span><\/p>\n<\/td>\n<\/tr>\n<tr>\n<td style=\"padding: 0cm 5.4pt; width: 120.5pt;\" width=\"161\" valign=\"top\">\n<p class=\"MsoNormal\" style=\"text-align: justify; margin-left: 15px;\"><span style=\"font-size: 14pt;\"> <\/span><\/p>\n<\/td>\n<td style=\"padding: 0cm 5.4pt; width: 465px;\" valign=\"top\">\n<p class=\"MsoNormal\" style=\"text-align: justify;\"><span style=\"font-size: 14pt;\"> <\/span><\/p>\n<\/td>\n<\/tr>\n<tr>\n<td style=\"padding: 0cm 5.4pt; width: 120.5pt;\" width=\"161\" valign=\"top\">\n<p class=\"MsoNormal\" style=\"text-align: center; margin-left: 15px;\"><span style=\"font-size: 14pt;\">1931<\/span><\/p>\n<\/td>\n<td style=\"padding: 0cm 5.4pt; width: 465px;\" valign=\"top\">\n<p class=\"MsoNormal\" style=\"text-align: left;\"><span style=\"font-size: 14pt;\">Hamarosan jelent\u0151s  \t\t\t\t\t\t\tmegb\u00edz\u00e1sokat kap \u00fagy a v\u00e1ros, mint az egyh\u00e1z  \t\t\t\t\t\t\tr\u00e9sz\u00e9r\u0151l, valamint mag\u00e1nszem\u00e9lyekt\u0151l. A K\u00e1lv\u00e1ria  \t\t\t\t\t\t\ttervez\u00e9s\u00e9vel p\u00e1rhuzamosan t\u00f6bb munk\u00e1n is dolgozik.<\/span><\/p>\n<\/td>\n<\/tr>\n<tr>\n<td style=\"padding: 0cm 5.4pt; width: 120.5pt;\" width=\"161\" valign=\"top\">\n<p class=\"MsoNormal\" style=\"text-align: justify; margin-left: 15px;\"><span style=\"font-size: 14pt;\"> <\/span><\/p>\n<\/td>\n<td style=\"padding: 0cm 5.4pt; width: 465px;\" valign=\"top\">\n<p class=\"MsoNormal\" style=\"text-align: justify;\"><span style=\"font-size: 14pt;\"> <\/span><\/p>\n<\/td>\n<\/tr>\n<tr>\n<td style=\"padding: 0cm 5.4pt; width: 120.5pt;\" width=\"161\" valign=\"top\">\n<p class=\"MsoNormal\" style=\"text-align: center; margin-left: 15px;\"><span style=\"font-size: 14pt;\">1932.<br \/>\nj\u00fanius 19.<\/span><\/td>\n<td style=\"padding: 0cm 5.4pt; width: 465px;\" valign=\"top\">\n<p class=\"MsoNormal\" style=\"text-align: left;\"><span style=\"font-size: 14pt;\">25. losonci  \t\t\t\t\t\t\tgyalogezred h\u0151si eml\u00e9km\u0171v\u00e9nek leleplez\u00e9se<\/span><\/p>\n<\/td>\n<\/tr>\n<tr>\n<td style=\"padding: 0cm 5.4pt; width: 120.5pt;\" width=\"161\" valign=\"top\">\n<p class=\"MsoNormal\" style=\"text-align: justify; margin-left: 15px;\"><span style=\"font-size: 14pt;\"> <\/span><\/p>\n<\/td>\n<td style=\"padding: 0cm 5.4pt; width: 465px;\" valign=\"top\">\n<p class=\"MsoNormal\" style=\"text-align: justify;\"><span style=\"font-size: 14pt;\"> <\/span><\/p>\n<\/td>\n<\/tr>\n<tr>\n<td style=\"padding: 0cm 5.4pt; width: 120.5pt;\" width=\"161\" valign=\"top\">\n<p class=\"MsoNormal\" style=\"text-align: center; margin-left: 15px;\"><span style=\"font-size: 14pt;\">1933. november 5.<\/span><\/p>\n<\/td>\n<td style=\"padding: 0cm 5.4pt; width: 465px;\" valign=\"top\">\n<p class=\"MsoNormal\" style=\"text-align: left;\"><span style=\"font-size: 14pt;\">B\u00e1thory Istv\u00e1n  \t\t\t\t\t\t\terd\u00e9lyi fejedelem \u00e9s lengyel kir\u00e1ly eg\u00e9szalakos  \t\t\t\t\t\t\tk\u00f6zt\u00e9ri szobr\u00e1nak leleplez\u00e9se sz\u00fclet\u00e9s\u00e9nek 400.  \t\t\t\t\t\t\t\u00e9vfordul\u00f3j\u00e1n.<\/span><\/p>\n<\/td>\n<\/tr>\n<tr>\n<td style=\"padding: 0cm 5.4pt; width: 120.5pt;\" width=\"161\" valign=\"top\">\n<p class=\"MsoNormal\" style=\"text-align: justify; margin-left: 15px;\"><span style=\"font-size: 14pt;\"> <\/span><\/p>\n<\/td>\n<td style=\"padding: 0cm 5.4pt; width: 465px;\" valign=\"top\">\n<p class=\"MsoNormal\" style=\"text-align: justify;\"><span style=\"font-size: 14pt;\"> <\/span><\/p>\n<\/td>\n<\/tr>\n<tr>\n<td style=\"padding: 0cm 5.4pt; width: 120.5pt;\" width=\"161\" valign=\"top\">\n<p class=\"MsoNormal\" style=\"text-align: center; margin-left: 15px;\"><span style=\"font-size: 14pt;\">1934. szeptember<\/span><\/p>\n<\/td>\n<td style=\"padding: 0cm 5.4pt; width: 465px;\" valign=\"top\">\n<p class=\"MsoNormal\" style=\"text-align: left;\"><span style=\"font-size: 14pt;\">A baglyasaljai  \t\t\t\t\t\t\ttemplom fresk\u00f3inak \u00e1tad\u00e1sa. Majd \u0151 k\u00e9sz\u00edtette a  \t\t\t\t\t\t\tfaragott sz\u00f3sz\u00e9ket \u00e9s f\u0151olt\u00e1rt. <\/span><\/p>\n<\/td>\n<\/tr>\n<tr>\n<td style=\"padding: 0cm 5.4pt; width: 120.5pt;\" width=\"161\" valign=\"top\">\n<p class=\"MsoNormal\" style=\"text-align: center; margin-left: 15px;\"><span style=\"font-size: 14pt;\">1936<\/span><\/p>\n<\/td>\n<td style=\"padding: 0cm 5.4pt; width: 465px;\" valign=\"top\">\n<p class=\"MsoNormal\" style=\"text-align: left;\"><span style=\"font-size: 14pt;\">Ekkor kezdi el a  \t\t\t\t\t\t\tsalg\u00f3tarj\u00e1ni ferences pl\u00e9b\u00e1nia templom  \t\t\t\t\t\t\tolt\u00e1r\u00e9p\u00edtm\u00e9nyeinek \u00e9s pill\u00e9rszobrainak (magyar  \t\t\t\t\t\t\tszentek alakjainak) elk\u00e9sz\u00edt\u00e9s\u00e9t. Ez a munka is t\u00f6bb  \t\t\t\t\t\t\t\u00e9vre lefoglalta.<\/span><\/p>\n<\/td>\n<\/tr>\n<tr>\n<td style=\"padding: 0cm 5.4pt; width: 120.5pt;\" width=\"161\" valign=\"top\">\n<p class=\"MsoNormal\" style=\"text-align: justify; margin-left: 15px;\"><span style=\"font-size: 14pt;\"> <\/span><\/p>\n<\/td>\n<td style=\"padding: 0cm 5.4pt; width: 465px;\" valign=\"top\">\n<p class=\"MsoNormal\" style=\"text-align: left;\"><span style=\"font-size: 14pt;\">A harmincas \u00e9vekben  \t\t\t\t\t\t\tnagyon foglalkoztatott m\u0171v\u00e9ssz\u00e9 v\u00e1lt nem csak  \t\t\t\t\t\t\tSalg\u00f3tarj\u00e1nban, hanem a k\u00f6rnyez\u0151 falvakban \u00e9s  \t\t\t\t\t\t\tgyakran kapott megb\u00edz\u00e1st V\u00e1rpalot\u00e1r\u00f3l is.<\/span><\/p>\n<\/td>\n<\/tr>\n<tr>\n<td style=\"padding: 0cm 5.4pt; width: 120.5pt;\" width=\"161\" valign=\"top\">\n<p class=\"MsoNormal\" style=\"text-align: justify; margin-left: 15px;\"><span style=\"font-size: 14pt;\"> <\/span><\/p>\n<\/td>\n<td style=\"padding: 0cm 5.4pt; width: 465px;\" valign=\"top\">\n<p class=\"MsoNormal\" style=\"text-align: left;\"><span style=\"font-size: 14pt;\">T\u00f6bb orsz\u00e1gos  \t\t\t\t\t\t\tszobor-eml\u00e9km\u0171 p\u00e1ly\u00e1zaton is r\u00e9szt vett: Mad\u00e1ch  \t\t\t\t\t\t\tszoborp\u00e1ly\u00e1zat Balassagyarmatra (1935), Magyar  \t\t\t\t\t\t\tKir\u00e1lyi I. Honv\u00e9d Gyalogezred eml\u00e9km\u0171v\u00e9nek p\u00e1ly\u00e1zata  \t\t\t\t\t\t\t(1936), Luther M\u00e1rton eml\u00e9km\u0171p\u00e1ly\u00e1zat (1938),  \t\t\t\t\t\t\tV\u00e1rpalotai h\u0151si eml\u00e9k (1942). Az ut\u00f3bbit meg is  \t\t\t\t\t\t\tnyerte.<\/span><\/p>\n<\/td>\n<\/tr>\n<tr>\n<td style=\"padding: 0cm 5.4pt; width: 120.5pt;\" width=\"161\" valign=\"top\">\n<p class=\"MsoNormal\" style=\"text-align: center; margin-left: 15px;\"><span style=\"font-size: 14pt;\">1940<\/span><\/p>\n<\/td>\n<td style=\"padding: 0cm 5.4pt; width: 465px;\" valign=\"top\">\n<p class=\"MsoNormal\" style=\"text-align: left;\"><span style=\"font-size: 14pt;\">Egyik legjelent\u0151sebb  \t\t\t\t\t\t\t\u00f6n\u00e1ll\u00f3 ki\u00e1ll\u00edt\u00e1s\u00e1t rendezi meg b\u00e1ny\u00e1szt\u00e9m\u00e1j\u00fa  \t\t\t\t\t\t\tk\u00e9peib\u0151l Salg\u00f3tarj\u00e1nban a B\u00e1nyakaszin\u00f3 \u00e9p\u00fclet\u00e9ben.<\/span><\/p>\n<\/td>\n<\/tr>\n<tr>\n<td style=\"padding: 0cm 5.4pt; width: 120.5pt;\" width=\"161\" valign=\"top\">\n<p class=\"MsoNormal\" style=\"text-align: center; margin-left: 15px;\"><span style=\"font-size: 14pt;\">1942<\/span><\/p>\n<\/td>\n<td style=\"padding: 0cm 5.4pt; width: 465px;\" valign=\"top\">\n<p class=\"MsoNormal\" style=\"text-align: left;\"><span style=\"font-size: 14pt;\">R\u00e1koshegyre  \t\t\t\t\t\t\tk\u00f6lt\u00f6z\u00f6tt a v\u00e1rpalotai h\u0151si eml\u00e9k kivitelez\u00e9si  \t\t\t\t\t\t\tmunk\u00e1latai miatt. A h\u00e1bor\u00fa miatt azonban nem k\u00e9sz\u00fclt  \t\t\t\t\t\t\tel ez a szobor, de a megv\u00e1ltozott politikai helyzet  \t\t\t\t\t\t\tmiatt a m\u00e1sodik vil\u00e1gh\u00e1bor\u00fa ut\u00e1n oka fogyott\u00e1 v\u00e1lt a  \t\t\t\t\t\t\tmegrendel\u00e9s.<\/span><\/p>\n<\/td>\n<\/tr>\n<tr>\n<td style=\"padding: 0cm 5.4pt; width: 120.5pt;\" width=\"161\" valign=\"top\">\n<p class=\"MsoNormal\" style=\"text-align: center; margin-left: 15px;\"><span style=\"font-size: 14pt;\">1945 <\/span><\/p>\n<\/td>\n<td style=\"padding: 0cm 5.4pt; width: 465px;\" valign=\"top\">\n<p class=\"MsoNormal\" style=\"text-align: left;\"><span style=\"font-size: 14pt;\">Visszak\u00f6lt\u00f6zik  \t\t\t\t\t\t\tcsal\u00e1dj\u00e1val Salg\u00f3tarj\u00e1nba, illetve Baglyasalj\u00e1n \u00e9l.  \t\t\t\t\t\t\tTan\u00edt az \u00e1ltal\u00e1nos iskol\u00e1ban \u00e9s r\u00e1koshegyi  \t\t\t\t\t\t\tkezdem\u00e9nyez\u00e9s\u00e9t folytatva megalak\u00edtja a Munk\u00e1s  \t\t\t\t\t\t\tM\u0171v\u00e9szeti F\u0151iskol\u00e1t, melyet 1949-ben hivatalosan is  \t\t\t\t\t\t\tszabadiskol\u00e1v\u00e1 nyilv\u00e1n\u00edtanak. A tan\u00edt\u00e1s mellett  \t\t\t\t\t\t\tsokat fest, \u00e9s f\u0151leg a meg\u00e9lhet\u00e9s miatt, de a kor  \t\t\t\t\t\t\tszok\u00e1sainak megfelel\u0151en szocialista szerz\u0151d\u00e9st k\u00f6t  \t\t\t\t\t\t\taz ac\u00e9lgy\u00e1rral, a munkafolyamatokat \u00e9s a munk\u00e1sokat  \t\t\t\t\t\t\tfesti.<\/span><\/p>\n<\/td>\n<\/tr>\n<tr>\n<td style=\"padding: 0cm 5.4pt; width: 120.5pt;\" width=\"161\" valign=\"top\">\n<p class=\"MsoNormal\" style=\"text-align: center; margin-left: 15px;\"><span style=\"font-size: 14pt;\">1957<\/span><\/p>\n<\/td>\n<td style=\"padding: 0cm 5.4pt; width: 465px;\" valign=\"top\">\n<p class=\"MsoNormal\" style=\"text-align: left;\"><span style=\"font-size: 14pt;\">Ism\u00e9t Budapesten,  \t\t\t\t\t\t\tR\u00e1koshegyen \u00e9l. R\u00e9szt vesz a helyi k\u00e9pz\u0151m\u0171v\u00e9szek  \t\t\t\t\t\t\tk\u00f6z\u00f6s ki\u00e1ll\u00edt\u00e1s\u00e1n, de egyre kevesebb ereje van m\u00e1r a  \t\t\t\t\t\t\tkem\u00e9ny szobr\u00e1szi munk\u00e1hoz.<\/span><\/p>\n<\/td>\n<\/tr>\n<tr>\n<td style=\"padding: 0cm 5.4pt; width: 120.5pt;\" width=\"161\" valign=\"top\">\n<p class=\"MsoNormal\" style=\"text-align: center; margin-left: 15px;\"><span style=\"font-size: 14pt;\">1970.<br \/>\nj\u00fanius 26.<\/span><\/td>\n<td style=\"padding: 0cm 5.4pt; width: 465px;\" valign=\"top\">\n<p class=\"MsoNormal\" style=\"text-align: justify;\"><span style=\"font-size: 14pt;\">Budapesten hunyt el.<\/span><\/p>\n<\/td>\n<\/tr>\n<\/tbody>\n<\/table>\n","protected":false},"excerpt":{"rendered":"<p>\u00c9letrajzi kronol\u00f3gia 1897. okt\u00f3ber 15. Salg\u00f3tarj\u00e1nban sz\u00fcletett, a csal\u00e1d legkisebb gyermekek\u00e9nt. Apja Kov\u00e1cs K\u00e1roly ac\u00e9lgy\u00e1ri \u00e1cs, anyja Kovacsik Borb\u00e1la. Itt v\u00e9gzi az elemi \u00e9s a polg\u00e1ri iskol\u00e1t. 1915 Ny\u00edregyh\u00e1z\u00e1n t\u00f6lt\u00f6tt ipari tanonci \u00e9vei ut\u00e1n&#46;&#46;&#46;<\/p>\n","protected":false},"author":1,"featured_media":0,"parent":7,"menu_order":3,"comment_status":"open","ping_status":"open","template":"","meta":{"footnotes":""},"class_list":["post-61","page","type-page","status-publish","hentry"],"_links":{"self":[{"href":"http:\/\/www.baglyasalja.hu\/baglyas\/index.php?rest_route=\/wp\/v2\/pages\/61","targetHints":{"allow":["GET"]}}],"collection":[{"href":"http:\/\/www.baglyasalja.hu\/baglyas\/index.php?rest_route=\/wp\/v2\/pages"}],"about":[{"href":"http:\/\/www.baglyasalja.hu\/baglyas\/index.php?rest_route=\/wp\/v2\/types\/page"}],"author":[{"embeddable":true,"href":"http:\/\/www.baglyasalja.hu\/baglyas\/index.php?rest_route=\/wp\/v2\/users\/1"}],"replies":[{"embeddable":true,"href":"http:\/\/www.baglyasalja.hu\/baglyas\/index.php?rest_route=%2Fwp%2Fv2%2Fcomments&post=61"}],"version-history":[{"count":0,"href":"http:\/\/www.baglyasalja.hu\/baglyas\/index.php?rest_route=\/wp\/v2\/pages\/61\/revisions"}],"up":[{"embeddable":true,"href":"http:\/\/www.baglyasalja.hu\/baglyas\/index.php?rest_route=\/wp\/v2\/pages\/7"}],"wp:attachment":[{"href":"http:\/\/www.baglyasalja.hu\/baglyas\/index.php?rest_route=%2Fwp%2Fv2%2Fmedia&parent=61"}],"curies":[{"name":"wp","href":"https:\/\/api.w.org\/{rel}","templated":true}]}}