{"id":46,"date":"2008-04-24T15:51:04","date_gmt":"2008-04-24T13:51:04","guid":{"rendered":"http:\/\/baglyasalja.hu\/baglyas\/?page_id=52"},"modified":"2008-04-24T15:51:04","modified_gmt":"2008-04-24T13:51:04","slug":"szabo-aladar","status":"publish","type":"page","link":"http:\/\/www.baglyasalja.hu\/baglyas\/?page_id=46","title":{"rendered":"Szab\u00f3 Alad\u00e1r"},"content":{"rendered":"<p class=\"MsoNormal\" style=\"margin-left: 15px; margin-right: 15px;\" align=\"center\"><a name=\"szaboa\"> <img loading=\"lazy\" decoding=\"async\" src=\"..\/..\/web\/tortenet_elemei\/foto\/emb28.jpg\" border=\"0\" alt=\"\" width=\"450\" height=\"376\" \/><\/a><\/p>\n<p>&#8211; Milyen m\u00f3dszerekkel folyt a tan\u00edt\u00e1s? Mint tan\u00e1rember, ezt pontosan meg tudja \u00edt\u00e9lni.- Amikor elkezdtem az elemi iskol\u00e1t, \u00e9ppen v\u00e1lt\u00e1s volt az oktat\u00e1sban. Addig a gyerekek palat\u00e1bl\u00e1ra \u00edrtak, mi voltunk az els\u0151k, akik f\u00fczetet kaptunk. A k\u00f6nyvek is nagyon egyszer\u0171ek voltak, a bet\u0171ket pedig mutogatva tanultuk. Az els\u0151 \u00e9s m\u00e1sodik oszt\u00e1ly m\u00e9g osztatlan volt, az \u00f6t\u00f6dik-hatodikosokkal tanultunk egy\u00fctt. A tan\u00edt\u00f3k, a tan\u00edt\u00f3n\u0151k szerett\u00e9k a gyerekeket, de igen szigor\u00fa m\u00f3dszerekkel dolgoztak. A n\u00e1dp\u00e1lca vagy a bot hozz\u00e1tartozott a tan\u00edt\u00e1shoz.<\/p>\n<p>&#8211; N\u00e9pesek voltak az oszt\u00e1lyok ?<\/p>\n<p>&#8211; \u00dagy 20-25 di\u00e1k tanult egy\u00fctt. Amikor \u00f6sszeker\u00fclt\u00fcnk a fels\u0151s\u00f6kkel, akkor sem igehn voltunk t\u00f6bben.<\/p>\n<p>&#8211; Kiss\u00e9 el\u0151re szaladtunk. L\u00e9pj\u00fcnk m\u00e9g vissza Baglyasra, amely a b\u00e1ny\u00e1szkod\u00e1s egyik k\u00f6zpontja volt akkoriban a megy\u00e9ben. A b\u00e1ny\u00e1szcsal\u00e1dok milyen k\u00f6r\u00fclm\u00e9nyek k\u00f6z\u00f6tt \u00e9ltek? &#8211; Kol\u00f3ni\u00e1kban laktak, egy szoba \u00e9s konyha volt az otthonuk. Sok helyen a konyh\u00e1t ut\u00f3lag, k\u00edv\u00fclr\u0151l ragasztott\u00e1k a szob\u00e1hoz. Brenzalj\u00e1n, ahol a csal\u00e1dokban sok volt a gyerek, sz\u0171knek bizonyultak a lak\u00e1sok \u00e9s nagyon rossz k\u00f6r\u00fclm\u00e9nyek k\u00f6z\u00f6tt \u00e9ltek. S ha valaki a b\u00e1nyavezet\u00e9s ellen\u00e9re tett, azt k\u00f6nynyen kitett\u00e9k a lak\u00e1sb\u00f3l, de a munk\u00e1b\u00f3l is\u2026 &#8211; A b\u00e1ny\u00e1nak fizettek valamit a lak\u00e1s\u00e9rt, vagy ez r\u00e1ad\u00e1s volt a munk\u00e1\u00e9rt?- Pontosan nem tudom megmondani, de azt hiszem, hogy afizet\u00e9sb\u0151l levont\u00e1k a lak\u00e1s d\u00edj\u00e1t, egy nagyon szer\u00e9ny \u00f6sszeget. Ezenk\u00edv\u00fcl kapott a b\u00e1ny\u00e1sz 64 m\u00e1zsa szenet egy \u00e9vben. Ez nem volt el\u00e9g a f\u0171t\u00e9sre, mert a lak\u00e1sokat rosszul szigetelt\u00e9k, gyorsan kisz\u00f6k\u00f6tt a meleg. A konyh\u00e1ban t\u00e9gl\u00e1b\u00f3l \u00e9p\u00fclt sparhelt volt, a szob\u00e1kban meg kis vask\u00e1lyha. &#8211; A b\u00e1ny\u00e1szfeles\u00e9gek dolgoztak abban az id\u0151ben?- Nem. Egy l\u00e1ny addig dolgozott, am\u00edg f\u00e9rjhez nem ment. Akkor otthon maradt, ell\u00e1tta a csal\u00e1dot. \u00c9desany\u00e1mnak sem volt soha munkahelye. Mosott, takar\u00edtott, f\u0151z\u00f6tt r\u00e1nk. Nagyon egyszer\u0171 \u00e9teleket ett\u00fcnk. Krumpli, bab, bors\u00f3, ezek ker\u00fcltek az asztalra. A krumplib\u00f3l hol macs\u00e1nk\u00e1t, hol meg halusk\u00e1t csin\u00e1lt \u00e9desany\u00e1m k\u00e1poszt\u00e1val, tepert\u0151vel. Baromfit nevelt\u00fcnk \u00e9s minden \u00e9vben lev\u00e1gtunk egy diszn\u00f3t. Olyat, amelyiknek sok zs\u00edrja volt. Ap\u00e1m\u00e9k szalonn\u00e1t, zs\u00edroskenyeret hordtak magukkal a b\u00e1ny\u00e1ba. &#8211; Eml\u00edtette, hogy hossz\u00fa volt a munkaid\u0151, az\u00e9rt egy kis szabad id\u0151 is akadt. Mit kezdtek ezzel?- A tehets\u00e9ges fiatalok sportoltak. Baglyason j\u00f3 futballcsapat volt. A levente, a cserk\u00e9szet is elfoglalts\u00e1got jelentett. Azt\u00e1n volt a b\u00e1ny\u00e1nak kaszin\u00f3ja k\u00fcl\u00f6nb\u00f6z\u0151 k\u00f6r\u00f6kkel. Mi a b\u00e1ny\u00e1szk\u00f6rbe j\u00e1rtunk, mert a k\u00f6nyvt\u00e1rb\u00f3l olvasnival\u00f3t lehetett k\u00f6lcs\u00f6n\u00f6zni. A pedag\u00f3gusok pedig m\u0171kedvel\u0151 sz\u00ednj\u00e1tsz\u00f3 csoportba pr\u00f3b\u00e1lt\u00e1k \u00f6sszefogni a fiatalokat. &#8211; Milyennek l\u00e1tta Baglyasalja t\u00e1rsadalm\u00e1t? Hiszen itt nem csak b\u00e1ny\u00e1szok, gy\u00e1ri munk\u00e1sok, tisztvisel\u0151k, tan\u00edt\u00f3k, orvosok, gazd\u00e1lkod\u00f3k is \u00e9ltek. &#8211; Az \u00e9n id\u0151mben 1000-1200 lakosa volt Baglyasnak. De a b\u00e1ny\u00e1hoz sokan k\u00f6t\u0151dtek munk\u00e1jukkal. Akik valahonnan a Felvid\u00e9kr\u0151l j\u00f6ttek \u00e9s barakkokban, k\u00e9s\u0151bb kol\u00f3ni\u00e1kban laktak. Eml\u00e9kszem, hogy Baglyasnak \u00fagy a 30-as \u00e9vek k\u00f6zep\u00e9n lett saj\u00e1t temploma. Az asszonyok a mis\u00e9re mentek vas\u00e1rnaponk\u00e9nt, a f\u00e9rfiak meg \u201ca kocsm\u00e1ban mulatt\u00e1k az id\u0151t, mes\u00e9lt\u00e9k t\u00f6rt\u00e9neteiket. Kocsm\u00e1b\u00f3l 3 is volt, a S\u00f6r\u00f6s\u00e9k, a Szalatovics\u00e9k, meg a Kov\u00e1cs\u00e9k. A b\u00e1nya szakemberei, m\u00e9rn\u00f6kei, tisztvisel\u0151i, a tisztisoron laktak. Egyik\u00fck sem volt igaz\u00e1n gazdag. Ma a k\u00f6z\u00e9pr\u00e9tegekhez lehetne sorolni \u0151ket. S amikor Tarj\u00e1nba gy\u00e1rak telep\u00fcltek, itt is megjelent az ipari munk\u00e1sok r\u00e9tege. Azt\u00e1n ott voltak a gazd\u00e1lkod\u00f3 csal\u00e1dok: And\u00f3k, Tarn\u00f3ci\u00e9k, S\u00f3s\u00e9k, Szalatovics\u00e9k. A neveket kell v\u00e9gign\u00e9zni \u00e9s el\u0151tt\u00fcnk van Baglyas t\u00f6rt\u00e9nete.Az And\u00f3 a leg\u0151sibb n\u00e9v, a Szalatovics m\u00e1r szl\u00e1v eredetre utal.<\/p>\n<p style=\"text-align: center;\"><a href=\"http:\/\/baglyasalja.hu\/baglyas\/?page_id=24\">VISSZA<\/a><\/p>\n","protected":false},"excerpt":{"rendered":"<p>&#8211; Milyen m\u00f3dszerekkel folyt a tan\u00edt\u00e1s? Mint tan\u00e1rember, ezt pontosan meg tudja \u00edt\u00e9lni.- Amikor elkezdtem az elemi iskol\u00e1t, \u00e9ppen v\u00e1lt\u00e1s volt az oktat\u00e1sban. Addig a gyerekek palat\u00e1bl\u00e1ra \u00edrtak, mi voltunk az els\u0151k, akik f\u00fczetet&#46;&#46;&#46;<\/p>\n","protected":false},"author":1,"featured_media":0,"parent":18,"menu_order":0,"comment_status":"open","ping_status":"open","template":"","meta":{"footnotes":""},"class_list":["post-46","page","type-page","status-publish","hentry"],"_links":{"self":[{"href":"http:\/\/www.baglyasalja.hu\/baglyas\/index.php?rest_route=\/wp\/v2\/pages\/46","targetHints":{"allow":["GET"]}}],"collection":[{"href":"http:\/\/www.baglyasalja.hu\/baglyas\/index.php?rest_route=\/wp\/v2\/pages"}],"about":[{"href":"http:\/\/www.baglyasalja.hu\/baglyas\/index.php?rest_route=\/wp\/v2\/types\/page"}],"author":[{"embeddable":true,"href":"http:\/\/www.baglyasalja.hu\/baglyas\/index.php?rest_route=\/wp\/v2\/users\/1"}],"replies":[{"embeddable":true,"href":"http:\/\/www.baglyasalja.hu\/baglyas\/index.php?rest_route=%2Fwp%2Fv2%2Fcomments&post=46"}],"version-history":[{"count":0,"href":"http:\/\/www.baglyasalja.hu\/baglyas\/index.php?rest_route=\/wp\/v2\/pages\/46\/revisions"}],"up":[{"embeddable":true,"href":"http:\/\/www.baglyasalja.hu\/baglyas\/index.php?rest_route=\/wp\/v2\/pages\/18"}],"wp:attachment":[{"href":"http:\/\/www.baglyasalja.hu\/baglyas\/index.php?rest_route=%2Fwp%2Fv2%2Fmedia&parent=46"}],"curies":[{"name":"wp","href":"https:\/\/api.w.org\/{rel}","templated":true}]}}

Szabó Aladár

<p class="MsoNormal" style="margin-left: 15px; margin-right: 15px;" align="center"><a name="szaboa"> <img loading="lazy" decoding="async" src="../../web/tortenet_elemei/foto/emb28.jpg" border="0" alt="" width="450" height="376" /></a></p>
<p>&#8211; Milyen módszerekkel folyt a tanítás? Mint tanárember, ezt pontosan meg tudja ítélni.- Amikor elkezdtem az elemi iskolát, éppen váltás volt az oktatásban. Addig a gyerekek palatáblára írtak, mi voltunk az elsők, akik füzetet kaptunk. A könyvek is nagyon egyszerűek voltak, a betűket pedig mutogatva tanultuk. Az első és második osztály még osztatlan volt, az ötödik-hatodikosokkal tanultunk együtt. A tanítók, a tanítónők szerették a gyerekeket, de igen szigorú módszerekkel dolgoztak. A nádpálca vagy a bot hozzátartozott a tanításhoz.</p>
<p>&#8211; Népesek voltak az osztályok ?</p>
<p>&#8211; Úgy 20-25 diák tanult együtt. Amikor összekerültünk a felsősökkel, akkor sem igehn voltunk többen.</p>
<p>&#8211; Kissé előre szaladtunk. Lépjünk még vissza Baglyasra, amely a bányászkodás egyik központja volt akkoriban a megyében. A bányászcsaládok milyen körülmények között éltek? &#8211; Kolóniákban laktak, egy szoba és konyha volt az otthonuk. Sok helyen a konyhát utólag, kívülről ragasztották a szobához. Brenzalján, ahol a családokban sok volt a gyerek, szűknek bizonyultak a lakások és nagyon rossz körülmények között éltek. S ha valaki a bányavezetés ellenére tett, azt könynyen kitették a lakásból, de a munkából is… &#8211; A bányának fizettek valamit a lakásért, vagy ez ráadás volt a munkáért?- Pontosan nem tudom megmondani, de azt hiszem, hogy afizetésből levonták a lakás díját, egy nagyon szerény összeget. Ezenkívül kapott a bányász 64 mázsa szenet egy évben. Ez nem volt elég a fűtésre, mert a lakásokat rosszul szigetelték, gyorsan kiszökött a meleg. A konyhában téglából épült sparhelt volt, a szobákban meg kis vaskályha. &#8211; A bányászfeleségek dolgoztak abban az időben?- Nem. Egy lány addig dolgozott, amíg férjhez nem ment. Akkor otthon maradt, ellátta a családot. Édesanyámnak sem volt soha munkahelye. Mosott, takarított, főzött ránk. Nagyon egyszerű ételeket ettünk. Krumpli, bab, borsó, ezek kerültek az asztalra. A krumpliból hol macsánkát, hol meg haluskát csinált édesanyám káposztával, tepertővel. Baromfit neveltünk és minden évben levágtunk egy disznót. Olyat, amelyiknek sok zsírja volt. Apámék szalonnát, zsíroskenyeret hordtak magukkal a bányába. &#8211; Említette, hogy hosszú volt a munkaidő, azért egy kis szabad idő is akadt. Mit kezdtek ezzel?- A tehetséges fiatalok sportoltak. Baglyason jó futballcsapat volt. A levente, a cserkészet is elfoglaltságot jelentett. Aztán volt a bányának kaszinója különböző körökkel. Mi a bányászkörbe jártunk, mert a könyvtárból olvasnivalót lehetett kölcsönözni. A pedagógusok pedig műkedvelő színjátszó csoportba próbálták összefogni a fiatalokat. &#8211; Milyennek látta Baglyasalja társadalmát? Hiszen itt nem csak bányászok, gyári munkások, tisztviselők, tanítók, orvosok, gazdálkodók is éltek. &#8211; Az én időmben 1000-1200 lakosa volt Baglyasnak. De a bányához sokan kötődtek munkájukkal. Akik valahonnan a Felvidékről jöttek és barakkokban, később kolóniákban laktak. Emlékszem, hogy Baglyasnak úgy a 30-as évek közepén lett saját temploma. Az asszonyok a misére mentek vasárnaponként, a férfiak meg “a kocsmában mulatták az időt, mesélték történeteiket. Kocsmából 3 is volt, a Sörösék, a Szalatovicsék, meg a Kovácsék. A bánya szakemberei, mérnökei, tisztviselői, a tisztisoron laktak. Egyikük sem volt igazán gazdag. Ma a középrétegekhez lehetne sorolni őket. S amikor Tarjánba gyárak települtek, itt is megjelent az ipari munkások rétege. Aztán ott voltak a gazdálkodó családok: Andók, Tarnóciék, Sósék, Szalatovicsék. A neveket kell végignézni és előttünk van Baglyas története.Az Andó a legősibb név, a Szalatovics már szláv eredetre utal.</p>
<p style="text-align: center;"><a href="http://baglyasalja.hu/baglyas/?page_id=24">VISSZA</a></p>

<p>&#8211; Milyen módszerekkel folyt a tanítás? Mint tanárember, ezt pontosan meg tudja ítélni.- Amikor elkezdtem az elemi iskolát, éppen váltás volt az oktatásban. Addig a gyerekek palatáblára írtak, mi voltunk az elsők, akik füzetet&#46;&#46;&#46;</p>
