{"id":40,"date":"2008-04-24T15:45:03","date_gmt":"2008-04-24T13:45:03","guid":{"rendered":"http:\/\/baglyasalja.hu\/baglyas\/?page_id=46"},"modified":"2008-04-24T15:45:03","modified_gmt":"2008-04-24T13:45:03","slug":"nagy-janos","status":"publish","type":"page","link":"http:\/\/www.baglyasalja.hu\/baglyas\/?page_id=40","title":{"rendered":"Nagy J\u00e1nos"},"content":{"rendered":"<p class=\"MsoNormal\" style=\"margin-left: 15px; margin-right: 15px;\" align=\"center\"><a name=\"nagy\"> <img loading=\"lazy\" decoding=\"async\" src=\"..\/..\/web\/tortenet_elemei\/foto\/emb22.jpg\" border=\"0\" alt=\"\" width=\"450\" height=\"270\" \/><\/a><\/p>\n<p>&#8211; K\u00f6zben j\u00f6tt a h\u00e1bor\u00fa. Hol katon\u00e1skodott? &#8211; T\u00e9nyleges katonai szolg\u00e1latra 1939-ben h\u00edvtak be, de 1940-ben m\u00e1r leszereltem. Tal\u00e1n k\u00e9t h\u00f3napig voltam otthon, amikor \u00fajra bevonultam. Azt\u00e1n 1943 kar\u00e1csony\u00e1ra hazaengedtek, de janu\u00e1rban \u00fajra mennem kellett. V\u00e9g\u00fcl 1945 \u00e1prilis 3-\u00e1n hazaj\u00f6ttem. &#8211; Gondolom, hogy ezeket az \u00e9veket csak elsorolni ilyen egyszer\u0171. &#8211; Nagy \u00e9s neh\u00e9z utat j\u00e1rtam be. Losoncra vonultunk el \u00e9s onnan Rah\u00f3ra vittek. Mi voltunk az els\u0151k, akik a K\u00e1rp\u00e1tokban \u00e1tvonultunk a Tat\u00e1r-h\u00e1g\u00f3n, \u00e1tl\u00e9pt\u00fck a magyar hat\u00e1rt. Eljutottunk eg\u00e9szen Kievig, de innen is hazaj\u00f6ttem. Amikor visszamentem, m\u00e9g csomagot is vittem Herczeg Sanyinak, a feles\u00e9ge k\u00fcldte. A m\u00e1sodikat m\u00e1r nem tudtam \u00e1tadni neki, mert mire ki\u00e9rtem az \u00e1llom\u00e1shely\u00fcnkre, \u0151k m\u00e1r messze j\u00e1rtak. T\u00f6bb\u00e9 nem is tal\u00e1lkoztunk, mert ott veszett a h\u00e1bor\u00faban. Mi is ment\u00fcnk tov\u00e1bb, de elmaradtunk a z\u00e1szl\u00f3aljt\u00f3l. \u0150k m\u00e1r valahol Magyarorsz\u00e1gon harcoltak. Mi meg, akik a vonatn\u00e1l voltunk, a l\u0151szer meg az \u00e9lelmiszer-ut\u00e1np\u00f3tl\u00e1ssal k\u00f6vett\u00fck \u0151ket. Krasznahorka, Rozsny\u00f3, Dobsina, Brezn\u00f3b\u00e1nya. Brezn\u00f3 mellett partiz\u00e1nok csoportj\u00e1ba futottunk. &#8211; Foglyok lettek? &#8211; Itt foglyokat nem ejtettek. Azt k\u00e9rdezt\u00e9k, hogy vel\u00fck vagyunk, vagy ellen\u00fck? Nem ellenkezt\u00fcnk, vel\u00fck maradt az eg\u00e9sz magyar csoport, a z\u00e1szl\u00f3sunkkal egy\u00fctt. Sokf\u00e9le n\u00e1ci\u00f3 volt egy\u00fctt: szlov\u00e1kok, csehek, magyarok. Kis falu mellett, m\u00e9lyen az erd\u0151ben, egy erd\u00e9szh\u00e1zban volt a sz\u00e1ll\u00e1sunk. Neh\u00e9z napok virradtak r\u00e1nk, kem\u00e9ny csat\u00e1kat v\u00edvtunk a n\u00e9metekkel. A szemk\u00f6zti hegyoldalr\u00f3l l\u0151ttek benn\u00fcnket. Az egyik t\u00e1rsammal \u00f6ssze\u00e9rt a v\u00e1llunk, ahogy a f\u00f6ld\u00f6n lapultunk. J\u00f6tt egy sorozat, \u0151 meghalt, nekem a hajam sz\u00e1la sem g\u00f6rb\u00fclt. Azt\u00e1n ahogy csendesedtek a harcok, az Alacsony-T\u00e1tr\u00e1n \u00e1tj\u00f6tt\u00fcnk Igl\u00f3ra, Kass\u00e1ra \u00e9s v\u00e9gre Miskolcra \u00e9rt\u00fcnk. K\u00f6zben a h\u00e1bor\u00fanak is v\u00e9ge szakadt. Miskolcon igazol\u00e1st is kaptunk, hogy partiz\u00e1nk\u00e9nt harcoltunk a n\u00e9metek ellen. Soha nem vettem semmi haszn\u00e1t. &#8211; Nem is pr\u00f3b\u00e1lkozott vele? &#8211; Csak akkor, amikor nyugd\u00edjba mentem. Arra gondoltam, tal\u00e1n besz\u00e1m\u00edtanak valamit a P\u00e9nzembe. Elutas\u00edtottak, hogym\u00e1r lek\u00e9stem r\u00f3la.<br \/>\n<a href=\"..\/?page_id=24\"><\/a><\/p>\n<p style=\"text-align: center;\"><a href=\"http:\/\/baglyasalja.hu\/baglyas\/?page_id=24\">VISSZA<\/a><\/p>\n","protected":false},"excerpt":{"rendered":"<p>&#8211; K\u00f6zben j\u00f6tt a h\u00e1bor\u00fa. Hol katon\u00e1skodott? &#8211; T\u00e9nyleges katonai szolg\u00e1latra 1939-ben h\u00edvtak be, de 1940-ben m\u00e1r leszereltem. Tal\u00e1n k\u00e9t h\u00f3napig voltam otthon, amikor \u00fajra bevonultam. Azt\u00e1n 1943 kar\u00e1csony\u00e1ra hazaengedtek, de janu\u00e1rban \u00fajra mennem&#46;&#46;&#46;<\/p>\n","protected":false},"author":1,"featured_media":0,"parent":18,"menu_order":0,"comment_status":"open","ping_status":"open","template":"","meta":{"footnotes":""},"class_list":["post-40","page","type-page","status-publish","hentry"],"_links":{"self":[{"href":"http:\/\/www.baglyasalja.hu\/baglyas\/index.php?rest_route=\/wp\/v2\/pages\/40","targetHints":{"allow":["GET"]}}],"collection":[{"href":"http:\/\/www.baglyasalja.hu\/baglyas\/index.php?rest_route=\/wp\/v2\/pages"}],"about":[{"href":"http:\/\/www.baglyasalja.hu\/baglyas\/index.php?rest_route=\/wp\/v2\/types\/page"}],"author":[{"embeddable":true,"href":"http:\/\/www.baglyasalja.hu\/baglyas\/index.php?rest_route=\/wp\/v2\/users\/1"}],"replies":[{"embeddable":true,"href":"http:\/\/www.baglyasalja.hu\/baglyas\/index.php?rest_route=%2Fwp%2Fv2%2Fcomments&post=40"}],"version-history":[{"count":0,"href":"http:\/\/www.baglyasalja.hu\/baglyas\/index.php?rest_route=\/wp\/v2\/pages\/40\/revisions"}],"up":[{"embeddable":true,"href":"http:\/\/www.baglyasalja.hu\/baglyas\/index.php?rest_route=\/wp\/v2\/pages\/18"}],"wp:attachment":[{"href":"http:\/\/www.baglyasalja.hu\/baglyas\/index.php?rest_route=%2Fwp%2Fv2%2Fmedia&parent=40"}],"curies":[{"name":"wp","href":"https:\/\/api.w.org\/{rel}","templated":true}]}}