{"id":32,"date":"2008-04-24T15:36:28","date_gmt":"2008-04-24T13:36:28","guid":{"rendered":"http:\/\/baglyasalja.hu\/baglyas\/?page_id=38"},"modified":"2008-04-24T15:36:28","modified_gmt":"2008-04-24T13:36:28","slug":"foti-sandor","status":"publish","type":"page","link":"http:\/\/www.baglyasalja.hu\/baglyas\/?page_id=32","title":{"rendered":"F\u00f3ti S\u00e1ndor"},"content":{"rendered":"<p class=\"MsoNormal\" style=\"margin-left: 15px; margin-right: 15px;\" align=\"center\"><a name=\"foti\"> <img loading=\"lazy\" decoding=\"async\" src=\"..\/..\/web\/tortenet_elemei\/foto\/emb13.jpg\" border=\"0\" alt=\"\" width=\"450\" height=\"360\" \/><\/a><\/p>\n<p>\u201c- Brenzalj\u00e1r\u00f3l, ahol F\u00f3ti S\u00e1ndor \u00e9l, nem kellett sokat futniok a gyerekeknek, hogy el\u00e9rjenek az iskol\u00e1ba.<\/p>\n<p>&#8211; Nem, itt volt a Katalin\u00e1n az elemi iskola. \u00c9n is itt kezdtem a tanul\u00e1st, vit\u00e9z Marosy Imre volt a tan\u00edt\u00f3nk. Itt m\u00e9g egy\u00fctt tanult az els\u0151, a m\u00e1sodik \u00e9s a harmadik oszt\u00e1ly, de lent a rako\u00add\u00f3n m\u00e1r k\u00fcl\u00f6n oszt\u00e1lyok voltak. Katalina akkor m\u00e9g m\u00e1s volt. K\u00e9t b\u00e1ny\u00e1ja is m\u0171k\u00f6d\u00f6tt, a G\u00e9za-t\u00e1r\u00f3 \u00e9s egy f\u00fcgg\u0151akna. Nagyon halv\u00e1nyan de arra is eml\u00e9kszem, hogy volt egy kaszin\u00f3f\u00e9le helyis\u00e9g. A b\u00e1ny\u00e1szok m\u00falatt\u00e1k ott az id\u0151t, most tal\u00e1n F\u00f6ldi\u00e9k laknak ott.<\/p>\n<p>-A gyerekek ideje hogyan telt?<\/p>\n<p>&#8211; J\u00e1tszottunk, amikor lehetett. Ny\u00e1ron futballoztunk, t\u00e9len sz\u00e1nk\u00f3ztunk. A sz\u00e1nk\u00f3t f\u00e1b\u00f3l faragt\u00e1k ki, j\u00f3l cs\u00faszott. Akkoriban nagy, havas telek voltak, mi, gyerekek v\u00e1rtuk a kar\u00e1csonyt. Ker\u00edtett\u00fcnk egy kis bor\u00f3kafeny\u0151t, s ha j\u00f3l ment a munka, egy csek\u00e9lyke aj\u00e1nd\u00e9k is ker\u00fclt al\u00e1.<\/p>\n<p>&#8211; Hol kezdett dolgozni?<\/p>\n<p>&#8211; Tarj\u00e1nban az \u00fcveggy\u00e1rban behord\u00f3fi\u00fa voltam h\u00e1rom \u00e9vig. A kemence fel\u00faj\u00edt\u00e1sra ker\u00fclt, s munka n\u00e9lk\u00fcl maradtam. Ap\u00e1m sz\u00f3lt az \u00e9rdekemben, felvettek a rakod\u00f3ra. Pal\u00e1t v\u00e1logattunk, szenet \u00fcr\u00edtett\u00fcnk, mikor mi volt soron. K\u00e9s\u0151bb, m\u00e1r 1844-ben bementem a karancslejt\u0151si b\u00e1ny\u00e1ba.<\/p>\n<p>&#8211; A f\u00f6ldalatti ellen\u00e1ll\u00e1sban is r\u00e9szt vett?<\/p>\n<p>&#8211; Igen, 21 \u00e9ves voltam akkor. A Kozik-testv\u00e9rek, Baglyasr\u00f3l God\u00f3 Lajos, ezek voltak a vezet\u0151k. Lent voltunk a b\u00e1ny\u00e1ban, de nem termelt\u00fcnk a n\u00e9meteknek. A v\u00e9ge az lett, hogy elfogyott a leveg\u0151, az \u00e9lelem \u00e9s kij\u00f6tt\u00fcnk. A n\u00e9metek, meg a baglyasi csend\u0151r\u00f6k fogadtak benn\u00fcnket. Ott mindj\u00e1rt agyon is l\u0151ttek h\u00e1rom embert. Benn\u00fcnket meg behajtottak Tarj\u00e1nba a laktany\u00e1ba. Vallattak, pofoztak, s hogy p\u00e9ld\u00e1t adjanak, itt is kiv\u00e9geztek n\u00e9gy embert. Az ellen\u00e1ll\u00e1s vezet\u0151i ott maradtak a f\u00f6ld alatt. Kirobbantottak egy l\u00e9gakn\u00e1t \u00e9s elmenek\u00fcltek a Karancsba.<\/p>\n<p>&#8211; Mi t\u00f6rt\u00e9nt azokkal, akik a laktany\u00e1ban voltak?<\/p>\n<p>&#8211; Elvittek F\u00fclekre, majd Losoncra. Ott \u00fajra vagonba zs\u00fafoltak benn\u00fcnket \u00e9s ment\u00fcnk Lengyelorsz\u00e1gba, Lembergben, Lodzban \u00e9s Poznamban sz\u00f3rtak sz\u00e9t, Mi T\u00f6r\u00f6k J\u00f3zsival Lodzban elmaradtunk a csoportt\u00f3l.<\/p>\n<p>Nagy s\u00edks\u00e1gon bolyongtunk, s egyszer csak egy tany\u00e1ra lelt\u00fcnk. N\u00e9gy parasztembert tal\u00e1ltunk a h\u00e1zban. Maradtunk egy ideig. Lodzban est\u00fcnk orosz fogs\u00e1gba.<\/p>\n<p>&#8211; Milyen volt a fogoly\u00e9let?<\/p>\n<p>&#8211; Keserves. Voltak, akiket a Donyec-medenc\u00e9be vittek, mi \u00c9sztorsz\u00e1gba ker\u00fclt\u00fcnk. K\u0151b\u00e1\u00adny\u00e1ban dolgoztunk, a k\u0151 olajos volt, azzal f\u0171t\u00f6ttek. Olyan k\u00e9t esztend\u0151t t\u00f6lt\u00f6ttem ott. \u00c9gy reggel a csoportunkba hajtott egy teheraut\u00f3, \u00e9n is az \u00fatj\u00e1ba ker\u00fcltem, elt\u00f6r\u00f6tt a l\u00e1bam. K\u00f3rh\u00e1zba vittek, k\u00e9t h\u00f3napig gy\u00f3gy\u00edtottak. Akkoriban egyre t\u00f6bbsz\u00f6r mondogatt\u00e1k, hogy indulunk haza. \u00c9l\u0151bb azonban M\u00e1rmarosszigeten \u00e1lltunk meg, hogy valamennyire feljav\u00edts\u00e1k a sok rongyos, \u00e9hes embert. A k\u0151b\u00e1nya elsz\u00edvta er\u0151nket, legyeng\u00fclt\u00fcnk. M\u00e1r v\u00e9ge fel\u00e9 j\u00e1rt 1947 nyara, amikor Debrecenbe, onnan pedig haza ker\u00fcltem Baglyasra.<\/p>\n<p>&#8211; Kezd\u0151d\u00f6tt, vagy ink\u00e1bb folytat\u00f3dott tov\u00e1bb a b\u00e1ny\u00e1sz\u00e9let?<\/p>\n<p>&#8211; Addig m\u00e9g k\u00e9t-h\u00e1rom h\u00f3nap is eltelt. Amikor hazaj\u00f6ttem, mind\u00f6ssze negyven kil\u00f3 voltam, h\u00e1lni j\u00e1rt bel\u00e9m a l\u00e9lek, k\u00f3rh\u00e1zba ker\u00fcltem. Amikor valamennyire helyrej\u00f6ttem, a J\u00f3zsef-lejt\u0151sben kezdtem dolgozni\u2026\u201d<\/p>\n<p style=\"text-align: center;\"><a href=\"http:\/\/baglyasalja.hu\/baglyas\/?page_id=24\">VISSZA<\/a><\/p>\n","protected":false},"excerpt":{"rendered":"<p>\u201c- Brenzalj\u00e1r\u00f3l, ahol F\u00f3ti S\u00e1ndor \u00e9l, nem kellett sokat futniok a gyerekeknek, hogy el\u00e9rjenek az iskol\u00e1ba. &#8211; Nem, itt volt a Katalin\u00e1n az elemi iskola. \u00c9n is itt kezdtem a tanul\u00e1st, vit\u00e9z Marosy Imre&#46;&#46;&#46;<\/p>\n","protected":false},"author":1,"featured_media":0,"parent":18,"menu_order":0,"comment_status":"open","ping_status":"open","template":"","meta":{"footnotes":""},"class_list":["post-32","page","type-page","status-publish","hentry"],"_links":{"self":[{"href":"http:\/\/www.baglyasalja.hu\/baglyas\/index.php?rest_route=\/wp\/v2\/pages\/32","targetHints":{"allow":["GET"]}}],"collection":[{"href":"http:\/\/www.baglyasalja.hu\/baglyas\/index.php?rest_route=\/wp\/v2\/pages"}],"about":[{"href":"http:\/\/www.baglyasalja.hu\/baglyas\/index.php?rest_route=\/wp\/v2\/types\/page"}],"author":[{"embeddable":true,"href":"http:\/\/www.baglyasalja.hu\/baglyas\/index.php?rest_route=\/wp\/v2\/users\/1"}],"replies":[{"embeddable":true,"href":"http:\/\/www.baglyasalja.hu\/baglyas\/index.php?rest_route=%2Fwp%2Fv2%2Fcomments&post=32"}],"version-history":[{"count":0,"href":"http:\/\/www.baglyasalja.hu\/baglyas\/index.php?rest_route=\/wp\/v2\/pages\/32\/revisions"}],"up":[{"embeddable":true,"href":"http:\/\/www.baglyasalja.hu\/baglyas\/index.php?rest_route=\/wp\/v2\/pages\/18"}],"wp:attachment":[{"href":"http:\/\/www.baglyasalja.hu\/baglyas\/index.php?rest_route=%2Fwp%2Fv2%2Fmedia&parent=32"}],"curies":[{"name":"wp","href":"https:\/\/api.w.org\/{rel}","templated":true}]}}

Fóti Sándor

<p class="MsoNormal" style="margin-left: 15px; margin-right: 15px;" align="center"><a name="foti"> <img loading="lazy" decoding="async" src="../../web/tortenet_elemei/foto/emb13.jpg" border="0" alt="" width="450" height="360" /></a></p>
<p>“- Brenzaljáról, ahol Fóti Sándor él, nem kellett sokat futniok a gyerekeknek, hogy elérjenek az iskolába.</p>
<p>&#8211; Nem, itt volt a Katalinán az elemi iskola. Én is itt kezdtem a tanulást, vitéz Marosy Imre volt a tanítónk. Itt még együtt tanult az első, a második és a harmadik osztály, de lent a rako­dón már külön osztályok voltak. Katalina akkor még más volt. Két bányája is működött, a Géza-táró és egy függőakna. Nagyon halványan de arra is emlékszem, hogy volt egy kaszinóféle helyiség. A bányászok múlatták ott az időt, most talán Földiék laknak ott.</p>
<p>-A gyerekek ideje hogyan telt?</p>
<p>&#8211; Játszottunk, amikor lehetett. Nyáron futballoztunk, télen szánkóztunk. A szánkót fából faragták ki, jól csúszott. Akkoriban nagy, havas telek voltak, mi, gyerekek vártuk a karácsonyt. Kerítettünk egy kis borókafenyőt, s ha jól ment a munka, egy csekélyke ajándék is került alá.</p>
<p>&#8211; Hol kezdett dolgozni?</p>
<p>&#8211; Tarjánban az üveggyárban behordófiú voltam három évig. A kemence felújításra került, s munka nélkül maradtam. Apám szólt az érdekemben, felvettek a rakodóra. Palát válogattunk, szenet ürítettünk, mikor mi volt soron. Később, már 1844-ben bementem a karancslejtősi bányába.</p>
<p>&#8211; A földalatti ellenállásban is részt vett?</p>
<p>&#8211; Igen, 21 éves voltam akkor. A Kozik-testvérek, Baglyasról Godó Lajos, ezek voltak a vezetők. Lent voltunk a bányában, de nem termeltünk a németeknek. A vége az lett, hogy elfogyott a levegő, az élelem és kijöttünk. A németek, meg a baglyasi csendőrök fogadtak bennünket. Ott mindjárt agyon is lőttek három embert. Bennünket meg behajtottak Tarjánba a laktanyába. Vallattak, pofoztak, s hogy példát adjanak, itt is kivégeztek négy embert. Az ellenállás vezetői ott maradtak a föld alatt. Kirobbantottak egy légaknát és elmenekültek a Karancsba.</p>
<p>&#8211; Mi történt azokkal, akik a laktanyában voltak?</p>
<p>&#8211; Elvittek Fülekre, majd Losoncra. Ott újra vagonba zsúfoltak bennünket és mentünk Lengyelországba, Lembergben, Lodzban és Poznamban szórtak szét, Mi Török Józsival Lodzban elmaradtunk a csoporttól.</p>
<p>Nagy síkságon bolyongtunk, s egyszer csak egy tanyára leltünk. Négy parasztembert találtunk a házban. Maradtunk egy ideig. Lodzban estünk orosz fogságba.</p>
<p>&#8211; Milyen volt a fogolyélet?</p>
<p>&#8211; Keserves. Voltak, akiket a Donyec-medencébe vittek, mi Észtországba kerültünk. Kőbá­nyában dolgoztunk, a kő olajos volt, azzal fűtöttek. Olyan két esztendőt töltöttem ott. Égy reggel a csoportunkba hajtott egy teherautó, én is az útjába kerültem, eltörött a lábam. Kórházba vittek, két hónapig gyógyítottak. Akkoriban egyre többször mondogatták, hogy indulunk haza. Élőbb azonban Mármarosszigeten álltunk meg, hogy valamennyire feljavítsák a sok rongyos, éhes embert. A kőbánya elszívta erőnket, legyengültünk. Már vége felé járt 1947 nyara, amikor Debrecenbe, onnan pedig haza kerültem Baglyasra.</p>
<p>&#8211; Kezdődött, vagy inkább folytatódott tovább a bányászélet?</p>
<p>&#8211; Addig még két-három hónap is eltelt. Amikor hazajöttem, mindössze negyven kiló voltam, hálni járt belém a lélek, kórházba kerültem. Amikor valamennyire helyrejöttem, a József-lejtősben kezdtem dolgozni…”</p>
<p style="text-align: center;"><a href="http://baglyasalja.hu/baglyas/?page_id=24">VISSZA</a></p>

<p>“- Brenzaljáról, ahol Fóti Sándor él, nem kellett sokat futniok a gyerekeknek, hogy elérjenek az iskolába. &#8211; Nem, itt volt a Katalinán az elemi iskola. Én is itt kezdtem a tanulást, vitéz Marosy Imre&#46;&#46;&#46;</p>
