{"id":30,"date":"2008-04-24T15:34:22","date_gmt":"2008-04-24T13:34:22","guid":{"rendered":"http:\/\/baglyasalja.hu\/baglyas\/?page_id=36"},"modified":"2008-04-24T15:34:22","modified_gmt":"2008-04-24T13:34:22","slug":"fekete-jozsefne","status":"publish","type":"page","link":"http:\/\/www.baglyasalja.hu\/baglyas\/?page_id=30","title":{"rendered":"Fekete J\u00f3zsefn\u00e9"},"content":{"rendered":"<p class=\"MsoNormal\" style=\"margin-left: 15px; margin-right: 15px;\" align=\"center\"><a name=\"fekete\"> <img loading=\"lazy\" decoding=\"async\" src=\"..\/..\/web\/tortenet_elemei\/foto\/emb12.jpg\" border=\"0\" alt=\"\" width=\"450\" height=\"333\" \/><\/a><\/p>\n<p>\u201c- Mit engedtek meg mondjuk egy elad\u00f3sorba ker\u00fclt l\u00e1nynak? Hov\u00e1 mehetett, ha elv\u00e9gezte a h\u00e1zimunk\u00e1t?<\/p>\n<p>&#8211; A templomb\u00f3l egyetlen vas\u00e1rnap sem hi\u00e1nyozhatott a l\u00e1ny, de m\u00e9g az asszonyn\u00e9p sem. D\u00e9lut\u00e1n meg ment\u00fcnk a kaszin\u00f3ba, a k\u00f6rbe. Mi a b\u00e1ny\u00e1szk\u00f6rbe j\u00e1rtunk, de aki iparosfi\u00faval sz\u00f3rakozott az bemehetett az iparosk\u00f6rbe is. Hazaszaladtunk vacsor\u00e1zni \u00e9s ment\u00fcnk vissza a moziba. Vas\u00e1rnap meg szerd\u00e1n vet\u00edtettek filmeket. Azt\u00e1n ott voltak azok a sz\u00e9p sz\u00edndarabok, ut\u00e1na a mulats\u00e1gok. Tavasszal a l\u0151t\u00e9ren, abban a gy\u00f6ny\u00f6r\u0171 sz\u00e9p erd\u0151ben maj\u00e1list tartottak. Aki \u00e9nekelni tudott, az felment a sz\u00ednpadra\u2026 Sz\u0151ke Tercsi citer\u00e1zott\u2026 \u00cdgy sz\u00f3rakoztatt\u00e1k az embereket. Ott \u00fclt az eg\u00e9sz b\u00e1nyaigazgat\u00f3s\u00e1g feles\u00e9gest\u0151l. Dubovszky\u00e9k, Cs\u00e1sz\u00e1r\u00e9k, Sinkovics\u00e9k, Szkics\u00e1k doktor \u00far\u2026 \u00c9jf\u00e9lig tartott a mulats\u00e1g. \u0150sszel meg j\u00f6tt a sz\u00fcreti b\u00e1l. Baglyason nem termett sz\u0151l\u0151, de a b\u00e1l mindig megvolt. \u00c9n is voltam b\u00edr\u00f3n\u00e9, az uram meg a b\u00edr\u00f3. Sz\u00e9p magyaros viseletbe \u00f6lt\u00f6zt\u00fcnk. Az ap\u00f3som szalmatercsi volt. Ha parasztmell\u00e9ny kellett valakinek, csak hozz\u00e1nk j\u00f6tt. M\u00e9g most is megvan, de m\u00e1r nem k\u00e9ri senki. A legvid\u00e1mabb a farsang volt. Fel\u00f6lt\u00f6zt\u00fcnk maskar\u00e1nak, j\u00e1rtunk h\u00e1zr\u00f3l-h\u00e1zra, kaptuk a j\u00f3 pampusk\u00e1t, toj\u00e1st, p\u00e9nzt. Elb\u00facs\u00faztattuk a telet, a b\u00e1ny\u00e1szok meg Porjadk\u00e1s Pist\u00e1t, a munkan\u00e9lk\u00fclis\u00e9get. Maskar\u00e1s pap k\u00eds\u00e9rte, karbidl\u00e1mpa f\u00fcst\u00f6l\u0151vel, meg s\u00edr\u00f3-jajgat\u00f3 asszonyok\u2026\u201d<\/p>\n<p style=\"text-align: center;\"><a href=\"http:\/\/baglyasalja.hu\/baglyas\/?page_id=24\">VISSZA<\/a><\/p>\n","protected":false},"excerpt":{"rendered":"<p>\u201c- Mit engedtek meg mondjuk egy elad\u00f3sorba ker\u00fclt l\u00e1nynak? Hov\u00e1 mehetett, ha elv\u00e9gezte a h\u00e1zimunk\u00e1t? &#8211; A templomb\u00f3l egyetlen vas\u00e1rnap sem hi\u00e1nyozhatott a l\u00e1ny, de m\u00e9g az asszonyn\u00e9p sem. D\u00e9lut\u00e1n meg ment\u00fcnk a kaszin\u00f3ba,&#46;&#46;&#46;<\/p>\n","protected":false},"author":1,"featured_media":0,"parent":18,"menu_order":0,"comment_status":"open","ping_status":"open","template":"","meta":{"footnotes":""},"class_list":["post-30","page","type-page","status-publish","hentry"],"_links":{"self":[{"href":"http:\/\/www.baglyasalja.hu\/baglyas\/index.php?rest_route=\/wp\/v2\/pages\/30","targetHints":{"allow":["GET"]}}],"collection":[{"href":"http:\/\/www.baglyasalja.hu\/baglyas\/index.php?rest_route=\/wp\/v2\/pages"}],"about":[{"href":"http:\/\/www.baglyasalja.hu\/baglyas\/index.php?rest_route=\/wp\/v2\/types\/page"}],"author":[{"embeddable":true,"href":"http:\/\/www.baglyasalja.hu\/baglyas\/index.php?rest_route=\/wp\/v2\/users\/1"}],"replies":[{"embeddable":true,"href":"http:\/\/www.baglyasalja.hu\/baglyas\/index.php?rest_route=%2Fwp%2Fv2%2Fcomments&post=30"}],"version-history":[{"count":0,"href":"http:\/\/www.baglyasalja.hu\/baglyas\/index.php?rest_route=\/wp\/v2\/pages\/30\/revisions"}],"up":[{"embeddable":true,"href":"http:\/\/www.baglyasalja.hu\/baglyas\/index.php?rest_route=\/wp\/v2\/pages\/18"}],"wp:attachment":[{"href":"http:\/\/www.baglyasalja.hu\/baglyas\/index.php?rest_route=%2Fwp%2Fv2%2Fmedia&parent=30"}],"curies":[{"name":"wp","href":"https:\/\/api.w.org\/{rel}","templated":true}]}}

Fekete Józsefné

<p class="MsoNormal" style="margin-left: 15px; margin-right: 15px;" align="center"><a name="fekete"> <img loading="lazy" decoding="async" src="../../web/tortenet_elemei/foto/emb12.jpg" border="0" alt="" width="450" height="333" /></a></p>
<p>“- Mit engedtek meg mondjuk egy eladósorba került lánynak? Hová mehetett, ha elvégezte a házimunkát?</p>
<p>&#8211; A templomból egyetlen vasárnap sem hiányozhatott a lány, de még az asszonynép sem. Délután meg mentünk a kaszinóba, a körbe. Mi a bányászkörbe jártunk, de aki iparosfiúval szórakozott az bemehetett az iparoskörbe is. Hazaszaladtunk vacsorázni és mentünk vissza a moziba. Vasárnap meg szerdán vetítettek filmeket. Aztán ott voltak azok a szép színdarabok, utána a mulatságok. Tavasszal a lőtéren, abban a gyönyörű szép erdőben majálist tartottak. Aki énekelni tudott, az felment a színpadra… Szőke Tercsi citerázott… Így szórakoztatták az embereket. Ott ült az egész bányaigazgatóság feleségestől. Dubovszkyék, Császárék, Sinkovicsék, Szkicsák doktor úr… Éjfélig tartott a mulatság. Ősszel meg jött a szüreti bál. Baglyason nem termett szőlő, de a bál mindig megvolt. Én is voltam bíróné, az uram meg a bíró. Szép magyaros viseletbe öltöztünk. Az apósom szalmatercsi volt. Ha parasztmellény kellett valakinek, csak hozzánk jött. Még most is megvan, de már nem kéri senki. A legvidámabb a farsang volt. Felöltöztünk maskarának, jártunk házról-házra, kaptuk a jó pampuskát, tojást, pénzt. Elbúcsúztattuk a telet, a bányászok meg Porjadkás Pistát, a munkanélküliséget. Maskarás pap kísérte, karbidlámpa füstölővel, meg síró-jajgató asszonyok…”</p>
<p style="text-align: center;"><a href="http://baglyasalja.hu/baglyas/?page_id=24">VISSZA</a></p>

<p>“- Mit engedtek meg mondjuk egy eladósorba került lánynak? Hová mehetett, ha elvégezte a házimunkát? &#8211; A templomból egyetlen vasárnap sem hiányozhatott a lány, de még az asszonynép sem. Délután meg mentünk a kaszinóba,&#46;&#46;&#46;</p>
