{"id":23,"date":"2008-04-24T15:25:56","date_gmt":"2008-04-24T13:25:56","guid":{"rendered":"http:\/\/baglyasalja.hu\/baglyas\/?page_id=29"},"modified":"2008-04-24T15:25:56","modified_gmt":"2008-04-24T13:25:56","slug":"berta-istvan","status":"publish","type":"page","link":"http:\/\/www.baglyasalja.hu\/baglyas\/?page_id=23","title":{"rendered":"Berta Istv\u00e1n"},"content":{"rendered":"<p align=\"center\"><a name=\"berta\"> <img loading=\"lazy\" decoding=\"async\" src=\"..\/..\/web\/tortenet_elemei\/foto\/emb04.jpg\" border=\"0\" alt=\"\" width=\"450\" height=\"412\" \/><\/a><\/p>\n<p>\u201c-. Karancslejt\u0151s\u00f6n volt a b\u00e1ny\u00e1szok ellen\u00e1ll\u00e1sa idej\u00e9n?<\/p>\n<p>&#8211; Ott. M\u00e9g Guszt\u00e1von laktunk \u00e9s sz\u00f3ltak, hogy m\u00e1snap szersz\u00e1mokkal egy\u00fctt Apcra kell menn\u00fcnk \u00e1rkot \u00e1sni a n\u00e9meteknek. Abban maradtunk, hogy lemegy\u00fcnk a b\u00e1ny\u00e1ba. Am\u00edg tudtunk ellen\u00e1lltunk a n\u00e9meteknek, a csend\u0151r\u00f6knek, azt\u00e1n csak felj\u00f6tt\u00fcnk. Hi\u00e1ba \u00edg\u00e9rgettek b\u00fcntetlens\u00e9get. Ott a b\u00e1ny\u00e1n\u00e1l azonnal kiv\u00e9geztek embereket. Voltak, akik bennt maradtak. K\u00e9s\u0151bb kirobbantott\u00e1k a szell\u0151z\u0151ket \u00e9s elnyelte \u0151ket az erd\u0151. Benn\u00fcnket meg bevittek Tarj\u00e1nba a kasz\u00e1rny\u00e1ba. Vallattak, vertek, kiv\u00e9gz\u00e9ssel fenyegettek, de nem \u00e1rultunk el senkit. M\u00e9g akkor sem, amikor a fal mell\u00e9 \u00e1ll\u00edtott\u00e1k \u00e9s kiv\u00e9gezt\u00e9k Machiny\u00e1k\u00e9kat. Azt\u00e1n ahogy k\u00f6zeledtek az oroszok, a n\u00e9metek elszeleltek. A magyar csend\u0151r\u00f6k meg nem tudt\u00e1k mit kezdjenek vel\u00fcnk\u2026 \u0151k is f\u00e9ltek \u00e9s elengedtek. Igaz, a lelk\u00fcnkre k\u00f6t\u00f6tt\u00e9k, hogy m\u00e1snap indulnunk kell a frontra. Az ac\u00e9lgy\u00e1ri iskol\u00e1ban volt a gy\u00fclekez\u0151. Nem mentem \u00e9n m\u00e1r sehov\u00e1.<\/p>\n<p>&#8211; A h\u00e1bor\u00fa ut\u00e1n hogyan \u00e9ltek?<\/p>\n<p>&#8211; Nehezen, de \u00e9lt\u00fcnk. V\u00e1j\u00e1r voltam \u00e9s amint lehetett mentem a b\u00e1ny\u00e1ba. Fizet\u00e9skor annyi millpeng\u0151t kaptunk, hogy alig b\u00edrtuk haza. Hogy mit kaptunk \u00e9rte? Egy csomag cigarettapap\u00edrt, esetleg egy f\u00e9l liter olajat. Amikor R\u00e1kosi alatt bej\u00f6tt az \u00faj p\u00e9nz a forint, akkor kezdt\u00fcnk \u00e9ledni egy kicsit. Szorgalmas, \u00e9lelmes ember voltam mindig. Amikor a front alatt nem volt p\u00e9nz, akkor is gondoskodtam a csal\u00e1dr\u00f3l.<\/p>\n<p>&#8211; Hogyan lehetett ezt megtenni?<\/p>\n<p>&#8211; \u00dagy, hogy a s\u00f3gorommal \u00e9jszaka lement\u00fcnk a nagy\u00e1llom\u00e1sra \u00e9s lekenyerezt\u00fck a rom\u00e1n \u0151rt. Adott azt\u00e1n az nek\u00fcnk egy csill\u00e9be babot, b\u00faz\u00e1t. A s\u00f3goromat a s\u00f6t\u00e9ts\u00e9g meg a f\u00e9lelem m\u00e9g meg is tr\u00e9f\u00e1lta. B\u00faza helyett zabot pakolt, s azt tolta haza a csill\u00e9ben\u201d<\/p>\n<p style=\"text-align: center;\"><a href=\"http:\/\/baglyasalja.hu\/baglyas\/?page_id=24\">VISSZA<\/a><\/p>\n","protected":false},"excerpt":{"rendered":"<p>\u201c-. Karancslejt\u0151s\u00f6n volt a b\u00e1ny\u00e1szok ellen\u00e1ll\u00e1sa idej\u00e9n? &#8211; Ott. M\u00e9g Guszt\u00e1von laktunk \u00e9s sz\u00f3ltak, hogy m\u00e1snap szersz\u00e1mokkal egy\u00fctt Apcra kell menn\u00fcnk \u00e1rkot \u00e1sni a n\u00e9meteknek. Abban maradtunk, hogy lemegy\u00fcnk a b\u00e1ny\u00e1ba. Am\u00edg tudtunk ellen\u00e1lltunk&#46;&#46;&#46;<\/p>\n","protected":false},"author":1,"featured_media":0,"parent":18,"menu_order":0,"comment_status":"open","ping_status":"open","template":"","meta":{"footnotes":""},"class_list":["post-23","page","type-page","status-publish","hentry"],"_links":{"self":[{"href":"http:\/\/www.baglyasalja.hu\/baglyas\/index.php?rest_route=\/wp\/v2\/pages\/23","targetHints":{"allow":["GET"]}}],"collection":[{"href":"http:\/\/www.baglyasalja.hu\/baglyas\/index.php?rest_route=\/wp\/v2\/pages"}],"about":[{"href":"http:\/\/www.baglyasalja.hu\/baglyas\/index.php?rest_route=\/wp\/v2\/types\/page"}],"author":[{"embeddable":true,"href":"http:\/\/www.baglyasalja.hu\/baglyas\/index.php?rest_route=\/wp\/v2\/users\/1"}],"replies":[{"embeddable":true,"href":"http:\/\/www.baglyasalja.hu\/baglyas\/index.php?rest_route=%2Fwp%2Fv2%2Fcomments&post=23"}],"version-history":[{"count":0,"href":"http:\/\/www.baglyasalja.hu\/baglyas\/index.php?rest_route=\/wp\/v2\/pages\/23\/revisions"}],"up":[{"embeddable":true,"href":"http:\/\/www.baglyasalja.hu\/baglyas\/index.php?rest_route=\/wp\/v2\/pages\/18"}],"wp:attachment":[{"href":"http:\/\/www.baglyasalja.hu\/baglyas\/index.php?rest_route=%2Fwp%2Fv2%2Fmedia&parent=23"}],"curies":[{"name":"wp","href":"https:\/\/api.w.org\/{rel}","templated":true}]}}

Berta István

<p align="center"><a name="berta"> <img loading="lazy" decoding="async" src="../../web/tortenet_elemei/foto/emb04.jpg" border="0" alt="" width="450" height="412" /></a></p>
<p>“-. Karancslejtősön volt a bányászok ellenállása idején?</p>
<p>&#8211; Ott. Még Gusztávon laktunk és szóltak, hogy másnap szerszámokkal együtt Apcra kell mennünk árkot ásni a németeknek. Abban maradtunk, hogy lemegyünk a bányába. Amíg tudtunk ellenálltunk a németeknek, a csendőröknek, aztán csak feljöttünk. Hiába ígérgettek büntetlenséget. Ott a bányánál azonnal kivégeztek embereket. Voltak, akik bennt maradtak. Később kirobbantották a szellőzőket és elnyelte őket az erdő. Bennünket meg bevittek Tarjánba a kaszárnyába. Vallattak, vertek, kivégzéssel fenyegettek, de nem árultunk el senkit. Még akkor sem, amikor a fal mellé állították és kivégezték Machinyákékat. Aztán ahogy közeledtek az oroszok, a németek elszeleltek. A magyar csendőrök meg nem tudták mit kezdjenek velünk… ők is féltek és elengedtek. Igaz, a lelkünkre kötötték, hogy másnap indulnunk kell a frontra. Az acélgyári iskolában volt a gyülekező. Nem mentem én már sehová.</p>
<p>&#8211; A háború után hogyan éltek?</p>
<p>&#8211; Nehezen, de éltünk. Vájár voltam és amint lehetett mentem a bányába. Fizetéskor annyi millpengőt kaptunk, hogy alig bírtuk haza. Hogy mit kaptunk érte? Egy csomag cigarettapapírt, esetleg egy fél liter olajat. Amikor Rákosi alatt bejött az új pénz a forint, akkor kezdtünk éledni egy kicsit. Szorgalmas, élelmes ember voltam mindig. Amikor a front alatt nem volt pénz, akkor is gondoskodtam a családról.</p>
<p>&#8211; Hogyan lehetett ezt megtenni?</p>
<p>&#8211; Úgy, hogy a sógorommal éjszaka lementünk a nagyállomásra és lekenyereztük a román őrt. Adott aztán az nekünk egy csillébe babot, búzát. A sógoromat a sötétség meg a félelem még meg is tréfálta. Búza helyett zabot pakolt, s azt tolta haza a csillében”</p>
<p style="text-align: center;"><a href="http://baglyasalja.hu/baglyas/?page_id=24">VISSZA</a></p>

<p>“-. Karancslejtősön volt a bányászok ellenállása idején? &#8211; Ott. Még Gusztávon laktunk és szóltak, hogy másnap szerszámokkal együtt Apcra kell mennünk árkot ásni a németeknek. Abban maradtunk, hogy lemegyünk a bányába. Amíg tudtunk ellenálltunk&#46;&#46;&#46;</p>
