{"id":21,"date":"2008-04-24T15:23:14","date_gmt":"2008-04-24T13:23:14","guid":{"rendered":"http:\/\/baglyasalja.hu\/baglyas\/?page_id=27"},"modified":"2008-04-24T15:23:14","modified_gmt":"2008-04-24T13:23:14","slug":"ando-j-janosne","status":"publish","type":"page","link":"http:\/\/www.baglyasalja.hu\/baglyas\/?page_id=21","title":{"rendered":"And\u00f3 j. J\u00e1nosn\u00e9"},"content":{"rendered":"<p align=\"center\"><a name=\"andoj\"> <img loading=\"lazy\" decoding=\"async\" src=\"http:\/\/baglyasalja.hu\/web\/tortenet_elemei\/foto\/emb02.jpg\" border=\"0\" alt=\"\" width=\"450\" height=\"326\" \/><\/a><\/p>\n<p>\u201c\u2026 a V\u00f6r\u00f6skereszt az ahol a legt\u00f6bbet l\u00e1tnak. Annak alakul\u00e1sa \u00f3ta tagja, aktivist\u00e1ja vagyok. Most olyan sz\u00e1zan vagyunk tagok Baglyason \u00e9s m\u00e9g mindig v\u00e1rjuk az \u00e9rdekl\u0151d\u0151, seg\u00edt\u0151k\u00e9sz embereket. V\u00e9rad\u00e1st szervez\u00fcnk, amikor erre sz\u00fcks\u00e9g van \u00e9s mar olyanok is vannak, akikre rendszeresen sz\u00e1m\u00edthatunk- L\u00e1togatjuk, seg\u00edtj\u00fck az id\u0151seket, a betegeket, ha szer\u00e9nyen is. Az \u00f6regek napj\u00e1t is megrendezz\u00fck Baglyoson, k\u00f6z\u00f6\u00adsen m\u00e1s szervezetekkel. Mindig sokan elj\u00f6nnek. Olyanok is, aki\u00adket \u00e9vk\u00f6zben alig-alig l\u00e1t az utc\u00e1n az ember. \u00d6r\u00fcl\u00f6k ennek, mintahegy az is j\u00f3lesett, hogy aV\u00f6r\u00f6skereszt megyei szervezete 1996-bon elismer\u00e9ssel ad\u00f3zott munk\u00e1mnak. Segitek a bar\u00e1ti k\u00f6rnek is, amiben tudok- A p\u00e1rtszervezetben meg bizalminak v\u00e1lasztottak. Ak\u00e1rhonnan n\u00e9zem, t\u00f6bbsz\u00f6r v\u00e9gigj\u00e1rom a falut, ha nem is naponta. De ezzel \u00e9n m\u00e1r \u00fagy vagyok, sz\u00edvesen teszem. Ez \u00e9ltet \u00e9s am\u00edg csak \u00e9lek megyek, seg\u00edtek ahol tudok, ahol sz\u00fcks\u00e9g van r\u00e1m. No meg az unok\u00e1im, a d\u00e9dunok\u00e1im. \u0150k jelentik \u00e9letem legnagyobb boldogs\u00e1g\u00e1t.\u201d<\/p>\n<p style=\"text-align: center;\"><a href=\"http:\/\/baglyasalja.hu\/baglyas\/?page_id=24\">VISSZA<\/a><\/p>\n<p><a href=\"http:\/\/baglyasalja.hu\/baglyas\/?page_id=24\"><br \/>\n<\/a><\/p>\n","protected":false},"excerpt":{"rendered":"<p>\u201c\u2026 a V\u00f6r\u00f6skereszt az ahol a legt\u00f6bbet l\u00e1tnak. Annak alakul\u00e1sa \u00f3ta tagja, aktivist\u00e1ja vagyok. Most olyan sz\u00e1zan vagyunk tagok Baglyason \u00e9s m\u00e9g mindig v\u00e1rjuk az \u00e9rdekl\u0151d\u0151, seg\u00edt\u0151k\u00e9sz embereket. V\u00e9rad\u00e1st szervez\u00fcnk, amikor erre sz\u00fcks\u00e9g van&#46;&#46;&#46;<\/p>\n","protected":false},"author":1,"featured_media":0,"parent":18,"menu_order":3,"comment_status":"open","ping_status":"open","template":"","meta":{"footnotes":""},"class_list":["post-21","page","type-page","status-publish","hentry"],"_links":{"self":[{"href":"http:\/\/www.baglyasalja.hu\/baglyas\/index.php?rest_route=\/wp\/v2\/pages\/21","targetHints":{"allow":["GET"]}}],"collection":[{"href":"http:\/\/www.baglyasalja.hu\/baglyas\/index.php?rest_route=\/wp\/v2\/pages"}],"about":[{"href":"http:\/\/www.baglyasalja.hu\/baglyas\/index.php?rest_route=\/wp\/v2\/types\/page"}],"author":[{"embeddable":true,"href":"http:\/\/www.baglyasalja.hu\/baglyas\/index.php?rest_route=\/wp\/v2\/users\/1"}],"replies":[{"embeddable":true,"href":"http:\/\/www.baglyasalja.hu\/baglyas\/index.php?rest_route=%2Fwp%2Fv2%2Fcomments&post=21"}],"version-history":[{"count":0,"href":"http:\/\/www.baglyasalja.hu\/baglyas\/index.php?rest_route=\/wp\/v2\/pages\/21\/revisions"}],"up":[{"embeddable":true,"href":"http:\/\/www.baglyasalja.hu\/baglyas\/index.php?rest_route=\/wp\/v2\/pages\/18"}],"wp:attachment":[{"href":"http:\/\/www.baglyasalja.hu\/baglyas\/index.php?rest_route=%2Fwp%2Fv2%2Fmedia&parent=21"}],"curies":[{"name":"wp","href":"https:\/\/api.w.org\/{rel}","templated":true}]}}